hat is the units digit of m?
8
Let a be 2 - 0 - (0 - 18). Suppose -4*j - a = 0, -4*w - 4*j + 0*j - 44 = 0. Let b(x) = x**2 + 6*x + 2. What is the units digit of b(w)?
2
Let o(r) = 5*r - 1. Let c = -7 - -10. What is the units digit of o(c)?
4
Let y(w) = w - 4. Let z be y(9). Let i = 53 - 33. Suppose -a = -z*a + i. What is the units digit of a?
5
What is the units digit of 3140/10 + -2 + -3?
9
Let b be 2/8 - (-117)/12. Let s = b + -9. What is the units digit of s?
1
Suppose 12*s = -803 + 3359. What is the units digit of s?
3
Suppose -2*m + 238 = 2*m + 2*k, -4*k = -3*m + 173. What is the tens digit of m?
5
Suppose 79 + 205 = 4*a. What is the units digit of a?
1
Let o(k) = -k**3 - 5*k**2 - 11*k - 20. What is the tens digit of o(-6)?
8
Let n be (4/4 - 4) + -9. What is the units digit of (-130)/(-14) - n/(-42)?
9
Let f(t) = -t + 13. Let q be f(8). Suppose 2*u - 1 - q = 0. Suppose 0 = j + 3*j + u*c - 19, -3*j = -2*c - 27. What is the units digit of j?
7
Suppose 5*x - 20 = -0*x. Suppose -x*n + 16 = -0*n. Let l = n + 5. What is the units digit of l?
9
Let w(n) = -7*n - 4. Let f be w(3). What is the units digit of 17/5 - (-10)/f?
3
Suppose y = 55 + 20. What is the tens digit of y?
7
Suppose 4*f = 2*h - 18, -7 - 10 = 3*h + 5*f. Let o(x) = 13*x**3 + x**2 - x + 1. Let c be o(h). Let m = c - 6. What is the units digit of m?
8
Let o = 6 + 0. What is the units digit of o?
6
Suppose 28 = t - 0*t - 3*z, -3*z = -3. Suppose -u - t = -4*s + 37, 0 = -2*u - 8. What is the units digit of s?
6
Let w be 0/(0 + 3) - -1. Suppose -w = -4*r + 7. Suppose 3*a = 8 - r. What is the units digit of a?
2
Let u = 325 - 107. What is the units digit of u?
8
Let w = 2 - 1. Suppose 11 = -5*h + 6. Let o = w - h. What is the units digit of o?
2
Let u = 173 + -85. What is the units digit of u?
8
Suppose -4*c = x - 809, 2*c - 158 = -5*x + 233. What is the tens digit of c?
0
Let s(g) = 2*g - 1. Suppose -5*b + 29 = p, -4*p + 8 = 2*b - 0*p. Let t be s(b). Suppose v - 5*v - 8 = 2*o, -v - t = -o. What is the units digit of o?
6
Let n = -13 + 24. What is the units digit of n?
1
Let v = 25 + 3. Suppose v + 26 = 3*k. What is the units digit of k?
8
Let t(j) = -4*j + 1. Let a be t(3). Let h = 20 + a. What is the units digit of h?
9
Let q = 17 + 44. What is the units digit of q?
1
Let r(x) = 12*x - 3. What is the units digit of r(1)?
9
Let i(y) = 7*y. Let u be i(8). Suppose -2*b + b = -u. Suppose 4*l - b = 20. What is the tens digit of l?
1
Suppose 0 = -3*n - 5*x, 4*n - 3*x = 3*n. What is the tens digit of (-30)/(-4)*(2 + n)?
1
Let p = 52 + -15. What is the tens digit of p?
3
What is the units digit of 2/((-2)/(-3)) + (-29 - -36)?
0
Let m(z) = 6*z - 4. Let u be m(4). Suppose 3*x - 1 = u. What is the units digit of x?
7
Let v = 25 + 142. What is the tens digit of v?
6
Suppose 7 + 20 = -2*m - g, 3*m + 2*g + 38 = 0. Let d = m + 33. Let y = d - 9. What is the units digit of y?
8
Suppose 0 = -5*z - 3*n - 21 + 159, 5*z - n - 154 = 0. What is the units digit of z?
0
Let u(v) = v**3 + 5*v**2 + 1. Let q be u(-5). What is the tens digit of (q + 1)/((-2)/(-15))?
1
Suppose 4*z + 0*z + 2*g + 44 = 0, -3*g = 12. Let d = -2 - z. What is the units digit of d?
7
Let i(f) = f**2 - 5*f + 3. Let o be i(5). Suppose o*s - b + 20 - 52 = 0, 5*s - 54 = b. What is the units digit of s?
1
Suppose -4*q = -2*u + 22, -5*u + 3*q = -2*q - 55. What is the tens digit of u?
1
Let u(l) = l**3 - 10*l**2 + 12*l - 6. Let g = 12 - 3. What is the tens digit of u(g)?
2
Let z = -11 - -13. Suppose -d - 4*a + a = -23, z*a + 30 = 2*d. What is the tens digit of d?
1
Suppose 0 = q - 2*q + 2. Suppose 39 = 4*u - 5*v - 9, 2*u + 3*v - q = 0. What is the units digit of u?
7
Suppose -4*n - 2*v - 32 - 60 = 0, -5*n - 113 = 2*v. Let k be (-99)/n - 4/(-14). Suppose -4*i - q = q - 30, -4*i + k*q = -65. What is the tens digit of i?
1
Let r be 120/66 + (-4)/(-22). Suppose -r*l - 2*b - 26 = -6*l, 5*l + 5*b + 5 = 0. What is the units digit of l?
4
Suppose -5*t + 4*d + 1276 = 0, -t + 4*d + 268 = -0*d. What is the tens digit of t?
5
Let d(w) = -w**3 + 6*w**2 + 8*w - 6. Let y be d(7). Let v(u) = -3*u - y + 0*u - 8. What is the units digit of v(-6)?
9
Suppose -3*a - 12 = 0, -2*d - 3*d + 5*a = -105. What is the tens digit of d?
1
Suppose 8*d - 200 = 3*d. What is the tens digit of d?
4
What is the hundreds digit of ((-3507)/(-14) - 0)*(-4)/(-6)?
1
What is the units digit of (-8)/(-3)*(-7 - -34)?
2
Let q = 14 - 6. Let h(a) = -2*a + 8. Let p be h(q). Let k = p + 14. What is the units digit of k?
6
Suppose -f + 15 = 2*f. Let d(y) = y**2 + 2*y + 2. Let c be d(-4). What is the units digit of ((-2)/f)/(c/(-25))?
1
Let i = -5 - -52. What is the tens digit of i?
4
Suppose 35 = 4*b - 153. What is the tens digit of b?
4
Let g(y) = -y + 11. Let t(f) = -2*f + 21. Let k(s) = 13*g(s) - 6*t(s). What is the units digit of k(10)?
7
Let q(f) = -4*f + 3. Let n = -3 - 0. What is the tens digit of q(n)?
1
Let g(i) = i + 8. What is the units digit of g(-7)?
1
Let q = -1 - -5. Suppose 0*h - 27 = -3*h. Suppose d + h = q*d. What is the units digit of d?
3
Suppose 0 = -5*r + 330 + 70. What is the units digit of r?
0
Let k = -3 - -5. What is the units digit of (10*(1 - 0))/k?
5
Let o = 141 + -98. What is the units digit of o?
3
Suppose 2*g - 7*g + 5 = 0. What is the units digit of g?
1
Let w(q) = -q**2 + 6*q - 6. Let u = 0 + 4. Let z be w(u). Suppose 3*o - 16 = z. What is the units digit of o?
6
Suppose 5*a + 2*p - 133 = 48, 4*p + 8 = 0. What is the units digit of a?
7
Let i(k) = -k**3 + 4*k + 5. What is the tens digit of i(-4)?
5
Suppose 0 = -5*y - 2 + 22. Let b(f) = 2*f + 2. Let r(m) = -m - 2. Let x(q) = y*b(q) + 5*r(q). What is the units digit of x(3)?
7
Let u(p) be the third derivative of p**8/20160 - p**6/180 - p**5/20 - p**2. Let c(d) be the third derivative of u(d). What is the units digit of c(4)?
2
Suppose 4*i = 7 + 21. Let f(h) be the third derivative of -h**6/120 + 7*h**5/60 + h**4/24 - h**3/6 + 4*h**2. What is the units digit of f(i)?
6
Let a(g) = -g**3 - g**2 + g + 2. Let r(w) = w**3 + 13*w**2 + 11*w - 15. Let d be r(-12). What is the tens digit of a(d)?
1
Let i(q) = -q**2 - 20*q + 17. What is the units digit of i(-19)?
6
Suppose -5 - 10 = 5*p. Let b be ((-24)/p)/(1 - -1). Suppose 3*u = -b*j + 17 + 12, -5*j + 3 = -u. What is the units digit of u?
7
Suppose 3*a - 117 = -4*x + 108, 2*a - 50 = -x. Suppose -3*k + 4*f = -x, -2*f + f + 20 = k. What is the tens digit of k?
2
Suppose 4*m - 25 + 9 = 0. Let p = 5 - m. What is the tens digit of p*(0 + -1)*-10?
1
Suppose a - 5 = -2. Suppose -a*w + 15 = -5*h, 0*w - 4*h = 4*w - 20. Suppose -w*t + 2*m + 38 = 0, 5 = -3*m - 7. What is the units digit of t?
6
Suppose 3*b = -y + 13, -2*b + 7 = -y - 5. Suppose 0 = -4*o - h - 7, 3*o - b*h = -8 - 3. What is the units digit of -1 - o/3*3?
1
Let n(z) be the third derivative of z**5/5 + z**4/24 - z**3/6 + z**2. What is the tens digit of n(1)?
1
Let h = -12 - -17. Let a(k) = -4*k + 8*k - h*k + 14. What is the tens digit of a(0)?
1
Suppose 2*u = 4*l + 2, 0 = -4*l + l. Let o = 0 + u. What is the units digit of o?
1
Suppose -4*n = 3*w - n - 288, 0 = -n + 3. What is the tens digit of w?
9
Suppose f = -5*x + 684, 180 + 520 = 5*x + 5*f. What is the hundreds digit of x?
1
Let n be ((-9)/6 - 0)*-18. Suppose -5*b + n = -23. What is the units digit of b?
0
Suppose 4*v = -v + 30. Suppose -4*f + 3*n + 2 = 0, -4*f - n + v*n = -6. What is the units digit of f + (-1)/((-2)/8)?
3
Let y(r) = 4 - 6 + 2 - 5*r + 2 + 2*r**2. What is the units digit of y(3)?
5
Suppose 0*w = -q + w + 61, 2*w = -4*q + 220. What is the tens digit of q?
5
Let h = -4 - -3. Let f = h + 5. Suppose -b = -f - 2. What is the units digit of b?
6
Let y be 2/(-3)*3 - -7. Suppose 214 = y*w + 2*k, -174 = -4*w - 2*k - k. Let c = w - 26. What is the units digit of c?
6
Let c be (-3)/2 + (-57)/(-6). Suppose i = 4*s - 0*s - c, -4*s + 3*i = -8. Suppose 0 = s*b - 3*b + y + 14, 4*b - 56 = -3*y. What is the units digit of b?
4
Let m(d) = 64*d + 1. What is the units digit of m(1)?
5
Suppose -2*b - 1 = -b. Let o(z) = -4*z**3 + z. What is the units digit of o(b)?
3
Let w = -5 + 8. Suppose -2 = -w*c + 2*c. Suppose -3*s + 27 = 3*d, -s = -4*d - c*s + 27. What is the units digit of d?
6
Suppose 5*f - 1240 = -4*x, 3*x - 248 = -5*f + 4*f. What is the units digit of f?
8
